 o(6). Suppose -426 = -3*h - 5*a, 3*h - f*a = -2*a + 453. What is the highest common factor of 42 and h?
21
Suppose 3*s + 2288 = t, 0 = -127*t + 126*t - 5*s + 2296. What is the highest common divisor of 29 and t?
29
Let l = 184 - -164. Let u be l/8 - (5/2 - 1). What is the greatest common divisor of 112 and u?
14
Let b(v) = -2*v**2 + 31*v - 71. Let f(d) = 4*d + 58. Let c be f(-12). Let j be b(c). What is the greatest common divisor of 1053 and j?
39
Suppose 2*f + 7 = r, 2*f - 3 = -2*r - 1. Suppose 15 = -3*p, -2*p = r*y + 2*p - 25. Let m be 1/(2/1)*510. Calculate the greatest common factor of m and y.
15
Let y(j) = -99*j - 11727. Let a be y(-155). Calculate the greatest common factor of a and 72.
18
Suppose -43 = -s - 0*j + j, 53 = s + j. Let y(u) = -u**3 - 9*u**2 + 206*u - 694. Let p be y(6). What is the highest common factor of p and s?
2
Let t be 4 - (4/(-4) + 3). Suppose t*i + 2*g = 4, 3*i - i - 2*g = 0. Calculate the greatest common divisor of 22 and i.
1
Let c = 18503 - 15273. Calculate the greatest common factor of c and 340.
170
Let r(u) = u**2 - 12*u + 30. Let m be r(5). Let j be (-3)/m + (-91)/(-105)*177. What is the greatest common factor of j and 14?
14
Let l(j) = -8*j - 138. Let s be (-10 + -26)*(-2)/(-3). Let x be l(s). What is the greatest common divisor of x and 4?
2
Let k be 4 + (136*-30)/(-5). Let v = k + -153. Calculate the greatest common factor of v and 29.
29
Let b(w) = -w**2 + 32*w + 4. Let r be b(32). Suppose -o = 3*o - 4. Let q(t) = 30*t - 2. Let x be q(o). What is the highest common factor of r and x?
4
Suppose l + 12*s = 9*s + 51, -2*l = -4*s - 102. Let k(v) = 9*v**2 + 5*v + 2. Let z be k(-1). What is the highest common factor of z and l?
3
Let j(a) = 60*a**2. Let t be j(-1). Suppose 4*d = -6*d + t. Let b(n) = 50*n**2 - 3*n + 1. Let y be b(-1). Calculate the greatest common factor of d and y.
6
Suppose 0 = -4*x + 3*h + 745, -x + 6*x + 3*h - 938 = 0. Let l = -68 - -153. Calculate the greatest common divisor of x and l.
17
Let s be 31/(682/(-66)) + 0/(-2) + 3666. Calculate the greatest common factor of 33 and s.
33
Let r(w) = 43*w - 6 - 18*w - 24*w. Let q be r(12). Suppose 0 = -z, 3*z = f - 2*z - q. Calculate the highest common factor of 4 and f.
2
Let h be (7 - 1)/2*2224/48. Let x = h - 125. What is the greatest common divisor of 672 and x?
14
Let o(i) = -25*i + 4. Let u be (0 + -1)/(3*5/45). Let w be u/(2 - 1/2). Let t be o(w). What is the highest common divisor of t and 9?
9
Suppose -115*d + 127090 = 27*d. Calculate the highest common factor of 20 and d.
5
Let h = -8370 + 8886. What is the greatest common factor of 24 and h?
12
Let i = -376 - -378. Let k = -130 + 227. Suppose -i*f + z = -27 - 40, 3*f + 2*z - k = 0. What is the highest common factor of 66 and f?
33
Let q = 7754 + -7688. Calculate the highest common divisor of 2838 and q.
66
Let v be (12/48 + 3/(-4))*-38. Let y = 31 - v. What is the highest common divisor of y and 4?
4
Let y = -23694 - -23975. What is the highest common factor of y and 2?
1
Let m = -748 + 743. Let c be (-16848)/(-130) + (-2)/m. Calculate the greatest common factor of 70 and c.
10
Let k be ((-693)/(-12))/(87/116). Let j(z) = -5*z**3 + 4*z**2 - 2*z. Let o be j(2). Let w = -17 - o. Calculate the greatest common divisor of k and w.
11
Let d(h) = -21*h. Let a be d(-1). Let t(l) = -l**2 - 10*l + 52. Let i be t(-14). Let c be 25 - (6 - 14)*2/i. Calculate the greatest common divisor of c and a.
21
Suppose -r + 126 = -2*l - 620, l = -3*r + 2266. What is the highest common divisor of 52 and r?
26
Let x(d) = -28*d - 15*d**3 + 14*d**3 - 15 - 175*d**2 + 150*d**2. Let s be x(-24). What is the highest common divisor of s and 27?
27
Let i(s) = -s**2 + 81*s - 438. Let c be i(74). What is the greatest common factor of 95 and c?
5
Suppose -r - 4*z + z + 136 = 0, 2*z = 6. Let h = 5261 - 5256. Suppose -2*l - a = 2*a - 61, h*l - a = r. What is the greatest common factor of l and 117?
13
Let c = -154 - -328. Suppose -2*r = d - c, -2*r = 3*d - 3*r - 501. What is the greatest common factor of d and 24?
24
Suppose 0 = -9*s + 51 + 3. Suppose s*z - 9 = 3*z. Let l(t) = t**3 - 2*t**2 - t - 1. Let u be l(z). Calculate the greatest common factor of u and 35.
5
Let a(h) = -3580*h**3 - h**2 - 433*h - 433. Let o be a(-1). Calculate the highest common divisor of o and 1.
1
Suppose -2*n - 47 = r - 4*r, 0 = 5*n + 20. Let i be (52/r)/(((-10)/12)/(-5)). What is the greatest common divisor of 21 and i?
3
Let x = -240116 - -240117. Let c be (-914)/(-18) - 4/(-18). Let j be c/12 - 2/8. Calculate the highest common divisor of j and x.
1
Let w be (3 + (-72)/(-4))*-1 + -3. Let u = -14 - w. Let h be (-488)/(-7) + (-26)/(-91). What is the greatest common divisor of u and h?
10
Suppose -23*x + 1510 = -583. Let q be ((-490)/4)/7*8/(-20). What is the highest common divisor of q and x?
7
Let v = 11764 - 2974. Let d be v/55 - 2/(-11). Suppose -j + 24 = -40. What is the highest common factor of j and d?
32
Let s(m) = 3*m**2 - 34*m - 85. Let h be s(-20). Suppose h = 5*o + 2*d, -o - 14 = 2*d - 365. Calculate the greatest common divisor of o and 19.
19
Let c be 48*(-8)/(-18) + 158/(-474). Calculate the highest common divisor of 245 and c.
7
Let w = 3681 - 2897. Calculate the highest common divisor of 147 and w.
49
Suppose 224 = -237*j + 251*j. Calculate the greatest common divisor of 368 and j.
16
Let c(j) = -22*j**3 + 8*j**2 + 4*j - 4. Let p be c(-3). Let z = p + -202. What is the highest common divisor of 8 and z?
8
Let j(c) = -11*c**3 + c**2 + c. Let w = -405 - -403. Let b be j(w). Calculate the greatest common divisor of 210 and b.
30
Let t = 275 - 229. Suppose t - 118 = -3*b. What is the greatest common divisor of 78 and b?
6
Let j(b) = -3*b + 48. Let i be j(16). Let r be 5 - i - 14/7 - -57. What is the greatest common factor of 75 and r?
15
Let j(v) = v**3 + 130*v**2 + 20. Let l be j(-130). What is the highest common factor of l and 25170?
10
Let s be 4*(-14)/8 + 21/28*284. Calculate the highest common factor of s and 4.
2
Let o be (-8 + 1 - (-6)/(-4))*-2. What is the greatest common divisor of o and 391?
17
Let j(h) = -6*h - 8. Let n be j(-3). Let a(c) = c**3 + 12*c**2 - 31*c - 12. Let t be a(-14). Calculate the highest common factor of n and t.
10
Let g(b) be the second derivative of 11*b**4/12 - 7*b**3/6 + 13*b - 1. Let l be g(3). Calculate the highest common divisor of 26 and l.
26
Suppose -g - 5*m = 21, 2*m + 10 = -5*g + 3*g. Let n be 36 - (3/g - 3). Calculate the greatest common factor of n and 294.
42
Suppose 5*w + 17 - 2 = 0. Let z be (-52)/(-20) + w + (-44)/(-10). Suppose z*b = -b - r + 47, -5*r = -2*b + 35. What is the greatest common divisor of b and 160?
10
Let q be (64/(-6))/(-4)*6. Suppose b = -7*r + 3*r + q, -3*b + r - 4 = 0. Suppose b = 7*i - 6*i - 9. Calculate the greatest common factor of 27 and i.
9
Let s be (89 + -203)/((-6)/123). What is the greatest common divisor of 861 and s?
123
Let t(f) = -215*f + 673. Let w be t(2). Calculate the greatest common factor of w and 297.
27
Let f(m) = m**2 + 6*m - 132. Let h be f(11). Calculate the greatest common factor of 160 and h.
5
Let a be ((-21)/(-70)*6)/(1/5). Let f be 2/a - 79632/(-324). What is the greatest common factor of f and 6?
6
Let p(l) = -20*l + 112. Let f be p(5). Suppose f*t - 86 = 322. What is the highest common divisor of 51 and t?
17
Suppose 5*z = 5*d + 5, 0*z = 2*d - 5*z - 13. Let a(o) = -o**2 - 10*o - 8. Let h be a(d). Let f = 676 + -644. Calculate the greatest common factor of h and f.
16
Suppose -2*g + 44 = -5*z, -z + 70 = 4*g - 2*z. Let v = 27 - g. Let w = 1467 - 1457. Calculate the highest common divisor of w and v.
10
Suppose -1 = -5*b - 3*l, 3 = -4*b - l + 8. Let m(o) = -o**3 + 4*o**2 - 5*o - 3. Let c be m(4). Let k = c - -24. Calculate the highest common factor of b and k.
1
Suppose 160*i - 166*i = -1782. What is the highest common divisor of 77 and i?
11
Suppose -y + 7 = -3. Suppose 128 = 68*i - 144. Suppose -j - 3 = 0, -5*j = i*v - 236 + 51. What is the greatest common factor of y and v?
10
Suppose 4*p + s = 18, p = -4*p - 3*s + 26. Suppose -p*k - w - 149 = 0, 4*w = 3*k + k + 144. Let t = -26 - k. Calculate the greatest common divisor of t and 1.
1
Let j be ((-76515)/(-27))/5 - 32/(-144). Let u = -243 + j. What is the highest common factor of